 prime factors of 286075864?
2, 17, 911, 2309
List the prime factors of 32145314.
2, 677, 23741
List the prime factors of 927185194.
2, 13, 103, 346223
What are the prime factors of 26022495?
3, 5, 17, 19, 41, 131
List the prime factors of 2145868911.
3, 17, 19, 738173
List the prime factors of 519565837.
7, 23, 53, 60889
What are the prime factors of 2271791896?
2, 11, 103, 263, 953
List the prime factors of 127890558.
2, 3, 17, 19, 21997
What are the prime factors of 925654966?
2, 462827483
List the prime factors of 387124587.
3, 43013843
List the prime factors of 17545175.
5, 421, 1667
What are the prime factors of 305139671?
41, 7442431
List the prime factors of 165255851.
23, 7185037
What are the prime factors of 204901114?
2, 11, 9313687
List the prime factors of 294332643.
3, 11, 619, 1601
What are the prime factors of 938427690?
2, 3, 5, 1171, 26713
What are the prime factors of 3935059028?
2, 31, 353, 89899
List the prime factors of 511281402.
2, 3, 85213567
List the prime factors of 199229121.
3, 7, 13, 243259
List the prime factors of 5607737950.
2, 5, 373, 300683
What are the prime factors of 11355787?
19, 597673
List the prime factors of 128821143.
3, 11, 3903671
What are the prime factors of 1950072056?
2, 29, 8405483
List the prime factors of 74554618.
2, 37277309
List the prime factors of 652177121.
23, 1232849
What are the prime factors of 193680347?
7, 331, 83591
List the prime factors of 1742433782.
2, 871216891
List the prime factors of 2396013147.
3, 11, 29, 383, 2179
List the prime factors of 41932575.
3, 5, 227, 821
List the prime factors of 241083407.
61, 139, 28433
What are the prime factors of 34333531?
83, 373, 1109
List the prime factors of 208637148.
2, 3, 17386429
List the prime factors of 5381327004.
2, 3, 448443917
What are the prime factors of 3115678461?
3, 7, 148365641
What are the prime factors of 8102073?
3, 7, 281, 1373
List the prime factors of 109041005.
5, 677, 32213
What are the prime factors of 13515409?
13515409
List the prime factors of 1784837226.
2, 3, 6827, 43573
List the prime factors of 604273138.
2, 7, 1621, 26627
List the prime factors of 68395098.
2, 3, 19, 379, 1583
List the prime factors of 1015388879.
59, 617, 27893
List the prime factors of 24475841.
13, 23, 109, 751
What are the prime factors of 4295636804?
2, 37, 29024573
List the prime factors of 3753129678.
2, 3, 17, 36795389
What are the prime factors of 4463783111?
4463783111
List the prime factors of 125110486.
2, 173, 229, 1579
List the prime factors of 183137922.
2, 3, 11, 19, 601
List the prime factors of 39616283.
7, 5659469
List the prime factors of 127469850.
2, 3, 5, 71, 11969
List the prime factors of 86625781.
11, 101, 103, 757
What are the prime factors of 46178671?
7, 11, 271, 2213
List the prime factors of 7965247401.
3, 769, 383627
What are the prime factors of 2425510087?
7, 11, 13, 2423087
List the prime factors of 1039282293.
3, 7, 2393, 20681
List the prime factors of 8475020.
2, 5, 423751
List the prime factors of 464248917.
3, 11, 557, 8419
What are the prime factors of 359574999?
3, 7, 17122619
What are the prime factors of 184542572?
2, 46135643
What are the prime factors of 1262153807?
1262153807
List the prime factors of 63291196.
2, 15822799
What are the prime factors of 56821597?
7, 149, 157, 347
What are the prime factors of 4199856811?
4199856811
What are the prime factors of 22877094?
2, 3, 89, 42841
What are the prime factors of 227222707?
43, 1097, 4817
List the prime factors of 398739415.
5, 19, 29, 101, 1433
What are the prime factors of 13372810?
2, 5, 11, 121571
What are the prime factors of 25746377?
25746377
List the prime factors of 120473809.
120473809
List the prime factors of 851639778.
2, 3, 11, 1433737
List the prime factors of 188720048.
2, 11, 41, 26153
What are the prime factors of 1540072464?
2, 3, 7, 4583549
List the prime factors of 208877845.
5, 11, 31, 122509
What are the prime factors of 19030409?
29, 656221
What are the prime factors of 2072733343?
23, 43, 193, 10859
List the prime factors of 682471381.
2971, 229711
List the prime factors of 30039946.
2, 15019973
What are the prime factors of 295953142?
2, 1087, 136133
List the prime factors of 107084199.
3, 31, 1151443
List the prime factors of 437712379.
13, 17, 23, 86113
What are the prime factors of 150340624?
2, 7, 113, 1697
What are the prime factors of 475163253?
3, 5866213
List the prime factors of 49892319.
3, 5543591
What are the prime factors of 5087045057?
5087045057
List the prime factors of 77857338.
2, 3, 13, 727, 1373
List the prime factors of 252983910.
2, 3, 5, 8432797
What are the prime factors of 543768193?
543768193
What are the prime factors of 2411519735?
5, 863, 558869
What are the prime factors of 292921041?
3, 7, 73, 109, 1753
What are the prime factors of 960838397?
31, 43, 16763
List the prime factors of 15356402.
2, 59, 181, 719
List the prime factors of 258292920.
2, 3, 5, 347, 6203
List the prime factors of 5640303.
3, 151, 12451
What are the prime factors of 804775966?
2, 11657, 34519
List the prime factors of 1082013086.
2, 7, 11, 7026059
What are the prime factors of 68997159?
3, 7, 11, 99563
What are the prime factors of 1268720144?
2, 73, 223, 4871
What are the prime factors of 4430284841?
42467, 104323
What are the prime factors of 553234870?
2, 5, 23, 2405369
What are the prime factors of 26426959?
13, 17, 197, 607
List the prime factors of 334959565.
5, 191, 359, 977
What are the prime factors of 6835010160?
2, 3, 5, 11, 83, 31193
List the prime factors of 66369241.
17, 673, 5801
List the prime factors of 460931574.
2, 3, 17, 71, 63647
List the prime factors of 6862709780.
2, 5, 4219, 81331
List the prime factors of 781609356.
2, 3, 11, 1973761
What are the prime factors of 72284918?
2, 17, 2126027
List the prime factors of 3831399317.
23, 166582579
What are the prime factors of 1377643853?
311, 4429723
List the prime factors of 60473316.
2, 3, 1487, 3389
What are the prime factors of 357523204?
2, 2347, 38083
What are the prime factors of 908587803?
3, 83, 3648947
What are the prime factors of 84066636?
2, 3, 1109, 6317
What are the prime factors of 4222604637?
3, 41, 11443373
List the prime factors of 36735532.
2, 9183883
List the prime factors of 199861250.
2, 5, 281, 569
What are the prime factors of 55929001?
677, 82613
List the prime factors of 2869437.
3, 19, 50341
What are the prime factors of 8153178237?
3, 101, 8969393
List the prime factors of 3901296397.
101, 4057, 9521
What are the prime factors of 480892552?
2, 7, 37, 232091
List the prime factors of 76550474.
2, 7, 11, 13, 38237
List the prime factors of 13065755.
5, 2613151
What are the prime factors of 51560646?
2, 3, 773, 11117
What are the prime factors of 813208181?
813208181
List the prime factors of 231972575.
5, 263, 35281
What are the prime factors of 284760950?
2, 5, 233, 24443
List the prime factors of 1602429779.
1602429779
List the prime factors of 466506388.
2, 116626597
List the prime factors of 35301545.
5, 79, 89371
What are the prime factors of 276712937?
5441, 50857
List the prime factors of 3188005.
5, 637601
List the prime factors of 57564340.
2, 5, 251, 11467
What are the prime factors of 7656882?
2, 3, 1276147
List the prime factors of 29443214.
2, 14721607
What are the prime factors of 18195736?
2, 13, 174959
What are the prime factors of 3383088169?
4639, 729271
What are the prime factors of 105753077?
61, 251, 6907
What are the prime factors of 158194578?
2, 3, 107, 239, 1031
List the prime factors of 15847468.
2, 7, 13, 17, 197
What are the prime factors of 83194016?
2, 2599813
List the prime factors of 44584871.
44584871
What are the prime factors of 709543850?
2, 5, 14190877
List the prime factors of 681281897.
681281897
List the prime factors of 235342382.
2, 11, 10697381
What are the prime factors of 28350924?
2, 3, 7, 337511
What are the prime factors of 107107797?
3, 43, 830293
List the prime factors of 1112997261.
3, 1319, 281273
List the prime factors of 22581149.
43, 525143
List the prime factors of 5750793648.
2, 3, 39936067
List the prime factors of 96719116.
2, 13, 1859983
List the prime factors of 27565736.
2, 11, 28477
List the prime factors of 427040380.
2, 5, 13, 1642463
What are